 3*h + 53 = -2*h + v, 4*v - 3 = h. Is c(h) a composite number?
True
Let b = 13249 - 4575. Is (0 + b/(-4))*-2 a composite number?
False
Suppose -6*p + q + 1489 = -2*p, 0 = -5*q - 25. Let t = p - 259. Let u = t - 53. Is u a composite number?
False
Suppose -3*n = l + 11, -3*l - 2*l + 5*n = -5. Let o = 2 - l. Suppose -o*a - 138 = -6*a. Is a a prime number?
False
Let n be (-7936)/(-56) + (-4)/(-14). Suppose -3*q + a = 300, -2*q - 2*a = 2*q + 390. Let r = n + q. Is r prime?
True
Let r be (-3178)/8 + (-2)/(-8). Suppose -3*i = -2*a - 1191, -i = a - 3*i + 597. Let b = r - a. Is b prime?
False
Let c = -207 + 375. Let r = -57 + c. Is r prime?
False
Let m = 2035 + 5694. Is m a composite number?
True
Is (-2)/7 - (-140102)/14 prime?
True
Let w(u) be the third derivative of u**7/70 + 11*u**6/720 + u**5/6 + 13*u**2. Let g(i) be the third derivative of w(i). Is g(5) prime?
False
Let n be -4*2/16 + (-3)/2. Is 1655 + -16 + n + 0 prime?
True
Suppose -105*l = -112*l + 86947. Is l composite?
False
Let v = -4407 - -10666. Is v a prime number?
False
Let u be 2*33/(-6) - -4 - -3. Let z(y) = -309*y + 19. Is z(u) prime?
False
Suppose 21*a - 19*a - 6216 = -2*m, 0 = -5*a + 5*m + 15550. Is a composite?
False
Let c(i) = 9*i**2 + 1. Let s be c(-1). Suppose -b + s*b - 18 = 0. Suppose -f - 5*y = 3*f - 569, 0 = b*f + y - 283. Is f a composite number?
True
Suppose 2*c + 2 = -w + 16, -38 = -5*c - 4*w. Is ((-10514)/(-21))/(0 - (-4)/c) prime?
True
Suppose 5*p - 3*p = -118. Let u(k) = -25*k - 37. Let l be u(-19). Let x = p + l. Is x composite?
False
Suppose 3*o + 3*x - 3 = 3, 5*o - 2*x - 31 = 0. Suppose 2*w - 2387 = -5*v, 0*w - 5*v + 5945 = o*w. Is w prime?
False
Suppose 79791 = 5*v + 4*b, -45*v + 43*v + 3*b = -31921. Is v a prime number?
True
Suppose 3*d = 10 + 20. Let b = -6 + d. Suppose -b*f + 74 = -378. Is f composite?
False
Is ((-2)/8)/(23/(-6124348)) a composite number?
False
Let p = 707 - 214. Is p composite?
True
Suppose -2*f - 34 + 6 = 0. Let j = f - -81. Is j a prime number?
True
Let s = -19809 - -29816. Is s composite?
False
Suppose 9 = -3*v - 0*v. Let c = 1 - v. Suppose -239 = -c*h + 45. Is h a composite number?
False
Let i be (3 - -4*1)*1. Let r(a) = i*a - 11*a + 17 + 3*a. Is r(-8) a composite number?
True
Suppose 4*g - 118070 = 5*n + 31213, -5*g + 186615 = 5*n. Is g a prime number?
False
Suppose 2*f - 6 = 0, -2*d - d + 4*f = -74745. Suppose 15*l - d + 8434 = 0. Is l a prime number?
False
Let t(j) = 2 - 3*j**2 - 2 + 2*j**2 - 15*j + 10. Let q be t(-15). Is 8/q - (-6902)/10 a composite number?
False
Let y(p) = 2*p**3 + 4*p**2 - p + 3. Let q(h) = -h**3 - 7*h**2 + 8*h + 11. Let w be q(-8). Let n(s) = 2*s - 18. Let t be n(w). Is y(t) a prime number?
True
Let f be ((-4)/(-3))/(14/5082). Let t = f - 177. Is t composite?
False
Let a be 354/(-14) + 14/49. Let k = -18 - a. Is -5 + k + 147*1 prime?
True
Suppose 2*c = 8042 + 11000. Is c prime?
True
Suppose 9 = h - 3*x - 9, 0 = 2*h - 5*x - 35. Let y(a) = -a**2 + 19*a + 37. Is y(h) a composite number?
False
Let n(f) = 20*f**2 + 9*f - 4. Suppose -2*u = 5*l + 25 - 2, 3*l - 15 = 2*u. Let w be n(u). Suppose 4*j = -j + w. Is j prime?
True
Let y = -31 + 30. Let x be 257/((-30)/(-27) + y). Suppose -5784 = -3*w - x. Is w a prime number?
False
Suppose -38*w + 1466 = -36*w. Is w prime?
True
Suppose -5*t - 10435 = -4*s, 3*t = -3*s - 2*t + 7800. Is s composite?
True
Let q = -24295 + 37944. Is q a prime number?
True
Let u(h) = -h**3 + 3*h**2 + 5*h + 1. Suppose 2*g - 7 - 1 = 0. Let y be u(g). Suppose -3*l - i = -607, y*l - 5*i - 1001 = -4*i. Is l prime?
False
Let h(m) be the first derivative of -8*m**2 + 19*m + 3. Is h(-6) a composite number?
True
Let v = -266 - -149. Let n = -82 - v. Suppose -5*t = -5*r + n, -2*r - 3*t = -7*r + 35. Is r composite?
False
Let a(s) = 87*s - 22. Let j(z) = 44*z - 11. Let l(t) = -2*a(t) + 5*j(t). Is l(6) prime?
False
Suppose -3*f - 4 = -5*f. Let r = f - 1. Is ((-483)/(-35))/(r/5) prime?
False
Let t(y) = 2*y**3 - 12*y**2 - 22*y + 9. Is t(11) composite?
False
Suppose 81*b - 975537 = 54*b. Is b composite?
False
Let g be 14 + -5 + (-2 - -2). Is (2166/g)/(12/18) prime?
False
Suppose 6*s = s - 4*u + 26901, -2*s + 10767 = -5*u. Is s a prime number?
True
Let h(k) = -k + 13. Let w be ((-2)/5)/((-7)/140). Let f be h(w). Suppose 726 = f*u + u. Is u composite?
True
Suppose -3*x - 5 + 2 = 0. Let q be 3 - (-3 + 1 + x). Is (333/q)/((-4)/(-8)) a prime number?
False
Suppose -56*h = -67*h + 605803. Is h a composite number?
False
Let j = 198 - 136. Let p = j - 3. Is p a prime number?
True
Let q(i) be the second derivative of 0 - 3*i - 25/6*i**3 + 2*i**2. Is q(-3) a composite number?
False
Let h be (54/(-4))/(2/88). Let n = -127 - h. Is n composite?
False
Suppose -55*w + 66365 = -50*w. Suppose 3*a - 5570 = w. Is a composite?
True
Let z = 21 + -31. Let o = 11 + -9. Is (-5)/o*376/z a prime number?
False
Suppose 36 = -f - y, 2 = 2*f + y + 76. Let b(t) = 69*t**3 - t**2 - 2*t - 3. Let s be b(-2). Let h = f - s. Is h composite?
True
Let a(x) = 2*x + 14. Let o be a(-4). Let s(r) = 1 - 8 - o + 7*r**2 + r + 2*r. Is s(9) a prime number?
False
Suppose 0 = -10*p + 55172 + 101358. Is p a prime number?
False
Let u = -638 + -820. Let j = u + 2609. Is j a prime number?
True
Let w = 1201 + -3285. Suppose 0 = -5*d + 4*n - 9 - 37, -2*d - 5*n = -8. Is w/(-6) + d/18 composite?
False
Let y(w) = 24*w**3 - 4*w**2 + 5*w + 8. Let o be y(4). Let v = o - 1055. Is v a prime number?
False
Is 3 - (18874/(-4) + 27/54) a prime number?
True
Let f(g) = 4*g**2 - 9*g + 33. Let b = -90 - -106. Is f(b) composite?
True
Suppose q + q = -f - 668, -4*f = 3*q + 1007. Suppose 3 = 2*a - 3. Is -4 - (q - (-1 + a)) a prime number?
True
Suppose 0 = -2*m - m + 4*p + 798, -798 = -3*m - 3*p. Suppose -k = k - m. Is k prime?
False
Let d(b) = 467*b + 5. Let l(k) be the second derivative of k**2/2 - k. Let s(z) = d(z) - 3*l(z). Is s(1) a composite number?
True
Suppose 26915 = 55*u - 50*u. Is u prime?
False
Suppose 4*r - 2 = 5*r. Suppose t + t - 2*b - 2 = 0, 0 = -2*t + b. Is r*1011/6*t a composite number?
False
Let a(p) = 69*p**2 - 14*p + 1. Let g be a(-17). Suppose 0 = 4*u + g - 448. Is 2/15 + u/(-15) a composite number?
True
Is (-8 + 5)*(-10779)/9 a prime number?
True
Let p(r) = -780*r + 7. Let j(o) = 1. Let v(h) = -6*j(h) + p(h). Is v(-2) a composite number?
True
Let z be 2396*(-22)/36 + 8/36. Let x = z + 2471. Is x a prime number?
False
Suppose -44 = a - 7. Let c = a - -169. Suppose 0 = -2*j + 8*j - c. Is j a composite number?
True
Let n = 274136 - 93519. Is n composite?
False
Is (-125824428)/(-540) - (-8)/10 composite?
True
Let v(o) = 299*o**2 + 5*o - 1. Is v(-4) a composite number?
True
Let g(v) = 205*v + 7. Let c = 0 + 3. Let h be g(c). Suppose 2*s + 6*j = 2*j + h, 317 = s + 5*j. Is s composite?
False
Is (3 + 1)/((-16)/(-36724)) a composite number?
False
Suppose -4*i + 40*r + 23924 = 39*r, 3*i - 4*r = 17943. Is i a prime number?
True
Suppose -2391 = 1145*y - 1148*y. Is y a composite number?
False
Let d = -10 + 10. Suppose 4*u - 6*u + 470 = d. Suppose -4*k = -9*k + u. Is k composite?
False
Let j be -1 + (-4)/2 + -12. Let v(m) = m**3 + 21*m**2 + 11*m - 16. Is v(j) a prime number?
False
Let b be (5734/6)/(1/(-3)). Let i = 4260 + b. Is i prime?
False
Let x(i) = -4*i - 14. Let r be x(-4). Suppose 4*h = r*m + 1776, 3*m = -h + m + 439. Is h a prime number?
True
Let l = 3 - -22. Let j be (39 + 1)*10/l. Is (-3 + 1220/j)*4 prime?
True
Is ((-2333)/(-2))/((-28)/(-56)) a composite number?
False
Suppose o - 2 = 4. Suppose 10 = 4*t - o. Suppose 0 = 4*w, -t*w - 7 = 2*c - 29. Is c a composite number?
False
Suppose 3*j - 5*j = 4*a - 754, 2*j + 5*a - 754 = 0. Let t = 220 - j. Let s = t - -284. Is s composite?
False
Is (0 + -1901)/((6 - 3)/(-3)) prime?
True
Is (-5405720)/(-168) + 4/42 composite?
True
Let p(u) = -4278*u - 274. Is p(-4) composite?
True
Let t = -24 - -28. Let x(f) = 69*f**2 + 4 - t*f + 4*f - 2*f. Is x(-3) a prime number?
True
Suppose 2*p - 25850 = -2*x, -x + 2179 + 10734 = 4*p. Is x prime?
False
Let o = 39267 + -19636. Is o a composite number?
True
Let r = -1137 + 461. Let g(h) = 22*h**2 - 7*h - 6. Let k be g(-7). Let v = k + r. Is v a prime number?
False
Let n(x) = 4319*x - 622. Is n(27) a composite number?
True
Is (-4 - -1)*-3*(-45205)/(-45) composite?
False
Let z(s) = 2*s**2 + 10*s + 4